-205377550
In base 6, what is -25 + 15015155?
15015130
In base 5, what is -103 - -4023320?
4023212
In base 4, what is -11 - -2002222223101?
2002222223030
In base 13, what is 5042 + 19535?
21577
In base 10, what is 19 - 3769754?
-3769735
In base 9, what is 1284413 - -7?
1284421
In base 16, what is ea - 82c?
-742
In base 13, what is -984 + 17643?
1698c
In base 15, what is 54ad - 367e?
1d2e
In base 7, what is 63024 - 1122?
61602
In base 6, what is 1143050 + 3502?
1150552
In base 9, what is 31647474 - 5?
31647468
In base 16, what is -3e96 + 111?
-3d85
In base 5, what is -2 - 313141100131?
-313141100133
In base 3, what is -12 - -102010010022222200?
102010010022222111
In base 5, what is 120101010202 + 2?
120101010204
In base 4, what is -3133323 + 113222?
-3020101
In base 3, what is 21201102 + -20101002122?
-20002101020
In base 6, what is 0 - -502541332?
502541332
In base 16, what is -2 + -15a887d?
-15a887f
In base 7, what is -5506062 - -12?
-5506050
In base 8, what is 0 - 1575046405?
-1575046405
In base 2, what is 101110000011101101000001011 + 10?
101110000011101101000001101
In base 8, what is 3 + 213417?
213422
In base 15, what is 4 + -58ce436?
-58ce432
In base 10, what is 93196112 + 6?
93196118
In base 12, what is -50b6 + 810?
-44a6
In base 12, what is 74 - 128390?
-128318
In base 14, what is -7 - 74b09a?
-74b0a3
In base 12, what is 6563 - -2a4?
6847
In base 14, what is -19 - -20a213?
20a1d8
In base 9, what is -2412788 + 76?
-2412712
In base 3, what is -212211020000111022 + 2?
-212211020000111020
In base 3, what is 10100 - -11011120202?
11011201002
In base 9, what is 2488206 - 86?
2488110
In base 12, what is -1901 + -12a9?
-2baa
In base 11, what is -21 - 32aaa79?
-32aaa9a
In base 12, what is 80537b - 190?
8051ab
In base 10, what is 37455392 + 1?
37455393
In base 2, what is -11011011 - 100011111001111011?
-100011111101010110
In base 14, what is 2aa640 - -23?
2aa663
In base 16, what is 5 - -149893?
149898
In base 13, what is -2394a - -11?
-23939
In base 10, what is 0 - 46930003?
-46930003
In base 14, what is 65 + -33d81?
-33d1a
In base 4, what is -110303230 - 3200?
-110313030
In base 8, what is -1621 + -100641?
-102462
In base 7, what is 3 + -365026536?
-365026533
In base 5, what is -14144242 - 2104?
-14201401
In base 8, what is -5233 + 23074?
15641
In base 14, what is -5314669 + 5?
-5314664
In base 12, what is 18a + -190431?
-190263
In base 9, what is 20686 - 102?
20584
In base 2, what is -1001110010001111010000000 + 10?
-1001110010001111001111110
In base 12, what is 79884 - 68?
79818
In base 7, what is 1652614 - 3433?
1646151
In base 13, what is -42 + -122164?
-1221a6
In base 6, what is 24513342335 - 11?
24513342324
In base 4, what is 11113303313 + 10?
11113303323
In base 7, what is 3122620 - -210?
3123130
In base 8, what is 33524272 - -1?
33524273
In base 5, what is -1 + 342423142120?
342423142114
In base 7, what is -4 - -530065200?
530065163
In base 6, what is 3242555213 + 1?
3242555214
In base 13, what is -3aa677 + 0?
-3aa677
In base 9, what is 2663 - 1174?
1478
In base 9, what is 1 + 102578800?
102578801
In base 13, what is 3b870 + -223?
3b64a
In base 13, what is c1 + 167a0?
16891
In base 11, what is 15744 + -43?
15701
In base 14, what is -170c66a5 + -4?
-170c66a9
In base 10, what is -2082 - -5172?
3090
In base 6, what is -32434 + 233352?
200514
In base 11, what is 2571858 - 37?
2571821
In base 10, what is 1729 - 1698?
31
In base 11, what is 40a614871 - 1?
40a614870
In base 11, what is -42 + 21a9328?
21a9296
In base 10, what is -224628 + -16?
-224644
In base 15, what is 171 + 4c2c?
4d9d
In base 2, what is -11 - -11010111111000100000111?
11010111111000100000100
In base 14, what is -21d62 - a87?
-22a09
In base 3, what is 10012012222 - 1120021?
10010122201
In base 12, what is 294 + -980a3?
-97a0b
In base 13, what is 4076130 + -2?
407612b
In base 6, what is -25205353104 - -3?
-25205353101
In base 14, what is 5a - -490b70?
490bca
In base 4, what is 231 + -13322022320?
-13322022023
In base 10, what is 32578 + 234?
32812
In base 11, what is 2 + -402a313?
-402a311
In base 11, what is a2 + -149619?
-149527
In base 3, what is 21212120111220120 - 0?
21212120111220120
In base 11, what is 2a219a - -47?
2a2236
In base 2, what is 1010 + 101010110001111101011011001?
101010110001111101011100011
In base 12, what is -139a0ba0 - 8?
-139a0ba8
In base 15, what is -575a8 - -27?
-57581
In base 7, what is -50406633 - -16?
-50406614
In base 12, what is 60728 - 2bb9?
5972b
In base 8, what is -30210 + -17233?
-47443
In base 3, what is -2021 - 101112210010100?
-101112210012121
In base 2, what is 11111011100001011110011 - -1011011?
11111011100001101001110
In base 9, what is -484342 + -74?
-484426
In base 9, what is -326887 + 33?
-326854
In base 7, what is 54 - 441524154?
-441524100
In base 13, what is -24 - -28632?
2860b
In base 3, what is -2112 + -22012022?
-22021211
In base 10, what is 3 + -134862541?
-134862538
In base 16, what is fa4 + 7ba?
175e
In base 8, what is 10 - 31615060?
-31615050
In base 3, what is -1210011102112 + 1112?
-1210011101000
In base 14, what is 4d466a5 - 1?
4d466a4
In base 2, what is -1011000001011100010010110 + -10?
-1011000001011100010011000
In base 12, what is -97 - -68b23b?
68b164
In base 3, what is -200111211 + 2102220?
-121001221
In base 3, what is 2011101122 - -2020?
2011110212
In base 5, what is -1000212444 - -1430?
-1000211014
In base 15, what is 5 - -27be7bb?
27be7c1
In base 16, what is -15 - 5a5a68?
-5a5a7d
In base 11, what is -15046521 - -4?
-15046518
In base 14, what is 9 - -11554c?
115557
In base 14, what is 0 - -d19373?
d19373
In base 14, what is cb6b + -22?
cb49
In base 7, what is -150130 - 1411?
-151541
In base 9, what is 21 + -755688?
-755667
In base 9, what is 68033 + 105?
68138
In base 6, what is 2142234301 - -1?
2142234302
In base 12, what is 4a30a84 + -10?
4a30a74
In base 15, what is -2ee9da + 4?
-2ee9d6
In base 13, what is 78b1 - -484?
8065
In base 16, what is -4 - -e45e9?
e45e5
In base 6, what is -15554 - -1223?
-14331
In base 6, what is 3524 - 232140?
-224212
In base 4, what is -200031202011 - -111?
-200031201300
In base 6, what is 10205 - -2215240?
2225445
In base 3, what is -2012101101102 - -2121?
-2012101021211
In base 3, what is -212 + 101012111220210?
101012111212221
In base 3, what is 211020222001000 + 2?
211020222001002
In base 5, what is -40212002 + -131?
-40212133
In base 4, what is -33022232 + -120?
-33023012
In base 15, what is 958da + -87?
95853
In base 16, what is -237cd08 + 3?
-237cd05
In base 3, what is 21202120111220 + -11?
21202120111202
In base 4, what is -11 - 201000212030?
-201000212101
In base 14, what is 5 - 48d01?
-48cda
In base 2, what is -100011010101011011 - -10010?
-100011010101001001
In base 16, what is 93 - 4640c?
-46379
In base 10, what is -4 + 4153422?
4153418
In base 16, what is -7d072 - 6a?
-7d0dc
In base 3, what is 112210220220122111 - -1?
112210220220122112
In base 10, what is 1 - 2580308?
-2580307
In base 14, what is 174c + -473?
12b9
In base 16, what is -1f1f6f9 + 5?
-1f1f6f4
In base 15, what is 1593 - 91?
1502
In base 10, what is -42 - 7620904?
-7620946
In base 12, what is 51b9 - 311?
4aa8
In base 2, what is 10110010101011111010110 + -11001?
10110010101011110111101
In base 12, what is -1b502 + -60?
-1b562
In base 15, what is -232 + 23ecc?
23c9a
In base 3, what is -122002112222 + 2210?
-122002110012
In base 16, what is -23620 - eb?
-2370b
In base 2, what is 1010 - -11001111110001011?
11001111110010101
In base 13, what is 142 + 187b28?
187c6a
In base 8, what is -14230342 - -5?
-14230335
In base 11, what is 24725 + 38?
24762
In base 14, what is 10 - 9215bc?
-9215ac
In base 12, what is -232a6 - -32b?
-22b77
In base 10, what is 4 - 2390069?
-2390065
In base 4, what is -21231331 + -211?
-21232202
In base 9, what is -41 + 1703663?
1703622
In base 10, what is 2383396674 + 4?
2383396678
In base 13, what is 1b + 14b8453?
14b8471
In base 12, what is -3657ab8 + 1a?
-3657a9a
In base 10, what is -2877 + 2098?
-779
In base 13, what is -c56 + 44c0?
3567
In base 3, what is -20101222100111010022 + 2?
-20101222100111010020
In base 11, what is -66398a - -7?
-663983
In base 7, what is 31403 + -265?
31105
In base 16, what is -47ff2 - 18d7?
-498c9
In base 14, what is d0 + -7602?
-7512
In base 6, what is 1